of 17182?
7
What is the thousands digit of 1384?
1
What is the tens digit of 1650?
5
What is the units digit of 5786?
6
What is the thousands digit of 8921?
8
What is the tens digit of 3105?
0
What is the tens digit of 149681?
8
What is the hundreds digit of 15539?
5
What is the units digit of 10434?
4
What is the thousands digit of 2767?
2
What is the tens digit of 215?
1
What is the units digit of 30?
0
What is the units digit of 79?
9
What is the thousands digit of 1042?
1
What is the ten thousands digit of 14135?
1
What is the hundreds digit of 22338?
3
What is the tens digit of 71482?
8
What is the units digit of 187385?
5
What is the tens digit of 552?
5
What is the hundreds digit of 5656?
6
What is the units digit of 591?
1
What is the ten thousands digit of 21513?
2
What is the ten thousands digit of 21540?
2
What is the units digit of 8589?
9
What is the units digit of 116?
6
What is the units digit of 3945?
5
What is the thousands digit of 40986?
0
What is the thousands digit of 2319?
2
What is the hundreds digit of 429?
4
What is the tens digit of 36767?
6
What is the tens digit of 1863?
6
What is the thousands digit of 61426?
1
What is the tens digit of 54481?
8
What is the units digit of 1806?
6
What is the tens digit of 624?
2
What is the units digit of 54299?
9
What is the tens digit of 157804?
0
What is the units digit of 3436?
6
What is the hundreds digit of 368?
3
What is the units digit of 302?
2
What is the hundreds digit of 7059?
0
What is the ten thousands digit of 32950?
3
What is the thousands digit of 6765?
6
What is the hundreds digit of 2081?
0
What is the hundreds digit of 304?
3
What is the hundreds digit of 997?
9
What is the tens digit of 3737?
3
What is the tens digit of 17756?
5
What is the tens digit of 228?
2
What is the hundreds digit of 3414?
4
What is the hundred thousands digit of 110018?
1
What is the tens digit of 2093?
9
What is the units digit of 114319?
9
What is the thousands digit of 1108?
1
What is the units digit of 9382?
2
What is the units digit of 7753?
3
What is the thousands digit of 5606?
5
What is the tens digit of 9567?
6
What is the ten thousands digit of 19407?
1
What is the hundreds digit of 6886?
8
What is the hundreds digit of 365?
3
What is the tens digit of 2510?
1
What is the units digit of 131136?
6
What is the units digit of 434?
4
What is the hundreds digit of 4300?
3
What is the units digit of 10030?
0
What is the ten thousands digit of 90299?
9
What is the thousands digit of 3364?
3
What is the units digit of 4899?
9
What is the units digit of 32?
2
What is the tens digit of 4538?
3
What is the hundreds digit of 2241?
2
What is the thousands digit of 102363?
2
What is the tens digit of 16?
1
What is the tens digit of 15166?
6
What is the thousands digit of 32535?
2
What is the units digit of 6871?
1
What is the ten thousands digit of 122546?
2
What is the thousands digit of 7132?
7
What is the thousands digit of 7113?
7
What is the units digit of 8161?
1
What is the hundreds digit of 1798?
7
What is the tens digit of 13671?
7
What is the tens digit of 420?
2
What is the thousands digit of 3977?
3
What is the hundreds digit of 14137?
1
What is the hundreds digit of 90555?
5
What is the tens digit of 199?
9
What is the hundred thousands digit of 113923?
1
What is the tens digit of 1418?
1
What is the ten thousands digit of 24230?
2
What is the thousands digit of 9193?
9
What is the thousands digit of 14502?
4
What is the units digit of 88523?
3
What is the thousands digit of 30281?
0
What is the tens digit of 1221?
2
What is the hundreds digit of 10840?
8
What is the tens digit of 566?
6
What is the thousands digit of 3493?
3
What is the hundreds digit of 605?
6
What is the tens digit of 618?
1
What is the hundreds digit of 1133?
1
What is the tens digit of 48192?
9
What is the thousands digit of 43123?
3
What is the units digit of 8531?
1
What is the ten thousands digit of 130779?
3
What is the units digit of 4804?
4
What is the thousands digit of 18827?
8
What is the units digit of 429?
9
What is the ten thousands digit of 98562?
9
What is the tens digit of 4804?
0
What is the tens digit of 14825?
2
What is the hundreds digit of 6099?
0
What is the tens digit of 57?
5
What is the hundreds digit of 6221?
2
What is the thousands digit of 1403?
1
What is the hundreds digit of 356?
3
What is the units digit of 1375?
5
What is the units digit of 49?
9
What is the tens digit of 585?
8
What is the hundreds digit of 232?
2
What is the units digit of 93136?
6
What is the units digit of 34233?
3
What is the hundreds digit of 5851?
8
What is the thousands digit of 130813?
0
What is the hundreds digit of 3588?
5
What is the thousands digit of 7155?
7
What is the hundreds digit of 2338?
3
What is the hundreds digit of 104319?
3
What is the tens digit of 2668?
6
What is the tens digit of 2502?
0
What is the hundreds digit of 40131?
1
What is the tens digit of 12?
1
What is the units digit of 115?
5
What is the tens digit of 2577?
7
What is the thousands digit of 3272?
3
What is the tens digit of 1468?
6
What is the units digit of 31114?
4
What is the thousands digit of 1129?
1
What is the hundreds digit of 7145?
1
What is the units digit of 19406?
6
What is the hundreds digit of 842?
8
What is the tens digit of 3815?
1
What is the thousands digit of 2564?
2
What is the thousands digit of 1880?
1
What is the tens digit of 13729?
2
What is the units digit of 5968?
8
What is the thousands digit of 2495?
2
What is the hundreds digit of 37511?
5
What is the thousands digit of 4323?
4
What is the units digit of 598?
8
What is the tens digit of 34?
3
What is the hundreds digit of 312?
3
What is the tens digit of 4467?
6
What is the hundreds digit of 944?
9
What is the units digit of 82222?
2
What is the hundreds digit of 3460?
4
What is the units digit of 3?
3
What is the hundreds digit of 96994?
9
What is the ten thousands digit of 19702?
1
What is the tens digit of 3188?
8
What is the units digit of 1498?
8
What is the units digit of 415?
5
What is the tens digit of 8898?
9
What is the hundreds digit of 245?
2
What is the units digit of 862?
2
What is the hundreds digit of 247?
2
What is the units digit of 960?
0
What is the units digit of 15915?
5
What is the units digit of 186?
6
What is the hundreds digit of 3836?
8
What is the tens digit of 651?
5
What is the thousands digit of 90063?
0
What is the units digit of 101799?
9
What is the hundreds digit of 45166?
1
What is the units digit of 163759?
9
What is the units digit of 4269?
9
What is the hundreds digit of 29869?
8
What is the tens digit of 1126?
2
What is the hundreds digit of 34562?
5
What is the thousands digit of 15640?
5
What is the thousands digit of 20504?
0
What is the tens digit of 17216?
1
What is the thousands digit of 15436?
5
What is the tens digit of 6389?
8
What is the hundreds digit of 2051?
0
What is the hundreds digit of 969?
9
What is the units digit of 9675?
5
What is the thousands digit of 87959?
7
What is the tens digit of 35824?
2
What is the units digit of 7694?
4
What is the units digit of 5370?
0
What is the thousands digit of 1029?
1
What is the hundreds digit of 11121?
1
What is the hundreds digit of 4553?
5
What is the units digit of 3298?
8
What is the hundreds digit of 2456?
4
What is the tens digit of 3070?
7
What is the units digit of 7225?
5
What is the hundreds digit of 3612?
6
What is the hundreds digit of 1860?
8
What is the hundreds digit of 12170?
1
What is the units digit of 72048?
8
What is the tens digit of 3710?
1
What is the thousands digit of 8386?
8
What is the tens digit of 176?
7
What is the tens digit of 75?
7
What is the units digit of 348?
8
What is the units digit of 91415?
5
What is the ten thousands digit of 37922?
3
What is the tens digit of 63019?
1
What is the tens digit of 44515?
1
What is the units digit of 12276?
6
What is the thousands digit of 32715?
2
What is the tens digit of 5984?
8
What is the tens digit of 1434?
3
What is the hundreds digit of 858?
8
What is the units digit of 46809?
9
What is the thousands digit of 5827?
5
What is the thousands digit of 1282?
1
What is the hundreds digit of 668?
6
What is the units digit of 3402?
2
What is the tens digit of 392?
9